t).
5
Let j be (45/(-75))/(1/(-15)). Let k(q) = 3 - j*q + 2*q + 8*q. What is k(4)?
7
Let m(p) = -29 + 71 - 22 - 18 - 3*p. Calculate m(1).
-1
Let s(u) = 6*u**2 - u**2 - 6*u**2 + 7*u**2. Suppose -12 = 2*o - 14. Give s(o).
6
Suppose -5*r - 4 = 3*j, 10 = 3*j - 4*r + 2*r. Let l be ((-3)/(-3))/(1/j). Let s(o) be the first derivative of -7*o**2/2 + 2*o - 2. Calculate s(l).
-12
Let s(j) = -j**3 + 7*j**2 - 7*j + 2. Let v be s(6). Let r(z) = -5*z**2 - z - 3. Let l(t) = t**2 + t. Let h(k) = 6*l(k) + r(k). Calculate h(v).
-7
Let v(d) be the third derivative of d**5/60 + 13*d**4/24 + 5*d**3/6 + 537*d**2. Calculate v(-6).
-37
Let r(a) = -4*a**2 + 5 + 6*a**2 - 3*a**2 - 6*a + 2*a**2. Let o be (-11)/((-539)/(-14)) + (-88)/(-14). Calculate r(o).
5
Let n(z) = 3*z + 18. Let u be n(-14). Suppose 4*b = b - 81. Let k = b - u. Let j(x) = -x**3 - 4*x**2 - 2*x - 1. Determine j(k).
-4
Suppose 0 = -4*j + 5 + 19. Let c(a) = -4 + 6 - j*a**2 - 3. Give c(-1).
-7
Let s(t) = -t - 8. Suppose 0 = -49*i - 613 + 172. Calculate s(i).
1
Let d(x) be the first derivative of 2*x**3/3 + 5*x**2/2 - 3*x - 1. Let t = -4171 + 4167. What is d(t)?
9
Let n(c) = c**3 + 6*c**2 + 5. Let i(h) = h**2 - 6*h - 6. Let u = 31 - 25. Let g be i(u). Determine n(g).
5
Let y(g) = -g - 10. Let d = 12 + -24. Let x be y(d). Let i(c) be the third derivative of -c**6/120 - c**5/30 + c**4/6 - c**3/2 + c**2. Give i(x).
-11
Suppose -5*o - 4*x = 23, 2*o + 0*o = -x - 11. Let w(z) = -2*z - 12. Give w(o).
2
Let m(x) = 4*x - 2*x + 7*x - 6 - x**2. Suppose 2*z + 2*y - 4 = 24, -5*y + 25 = 0. Determine m(z).
-6
Let r(w) = 3*w**2 - 17*w + 30. Let t(f) = -7*f**2 + 33*f - 61. Let v(i) = 9*r(i) + 4*t(i). Let y be v(-22). Let u(d) = -d**3 + 4*d**2 - d - 2. Calculate u(y).
-6
Suppose 5*u + 4*q = 44, -36 = -4*u - 3*q - q. Let r be (-20)/u*(-6)/5. Let f(y) = 2 + r - 3*y + 1 - 2. Give f(-3).
13
Suppose 2*h = -13 - 45. Let o = 25 + h. Let f(p) be the first derivative of -p**3/3 - 2*p**2 - 4*p - 1. What is f(o)?
-4
Let w(b) = 26 - 69 + 34 - 11*b + 15*b. What is w(4)?
7
Let p(q) = -3*q**3 + 5*q**2 + 3*q - 10. Let t be p(2). Let c(r) = r**3 + 9*r**2 + 7*r - 9. Determine c(t).
-1
Let p(y) = -y**2 + 7*y + 2. Let m be p(7). Suppose g - m*g = 0. Let c(s) = 6*s - 9 - 4*s + s - 4*s. Determine c(g).
-9
Let l be 24/11 + 2/(-11). Suppose -3*j - l*j = 0. Let h(s) = 2 - 3*s + 2 + j*s + 2*s. Determine h(4).
0
Let v(s) = -10*s**2 - 5. Let g(j) = 12*j**2 + 7. Let o(t) = 3*g(t) + 4*v(t). Determine o(1).
-3
Suppose x + 5 = -t, 0 = 5*x + 1 + 4. Let y(o) = 11*o. Let p(h) = 12*h + 1. Let b(j) = t*y(j) + 3*p(j). Give b(2).
-13
Let y(g) = -g + 14 + 0*g + 15 - 73 + 29. Give y(0).
-15
Let w(n) be the second derivative of 1/6*n**3 + 7*n + 0 - 1/2*n**2. Let h(v) = 4*v - 5. Let o(z) = h(z) - 6*w(z). Give o(1).
-1
Let i = 44 - 11. Let l be (i/12 + -3)*-12. Let p(a) = 2*a - 1. Determine p(l).
5
Let x(r) = 22*r + 63. Let m be x(-3). Let n(o) = -o**3 - 4*o**2 + 4. Calculate n(m).
-5
Let i(t) = -t**2 - 4*t + 4. Let r be i(-4). Let o(b) = -2*b**3 + 7*b**2 + 2*b + 3. Determine o(r).
-5
Let x = -3 - -8. Let u(t) = -t + 17. Let n be u(14). Let j(z) = 53*z + n - 1 - z**2 - 27*z - 19*z. Give j(x).
12
Let o be 5 + 1 - (1 - 0). Suppose 10*n = -5*n + 135. Let v = o - n. Let h(b) = -3*b + 2. Determine h(v).
14
Let r(a) = -19*a - 28. Let p(x) = 9*x + 12. Let i(z) = -9*p(z) - 4*r(z). Calculate i(2).
-6
Let o be ((-8)/16)/(2/20). Let y be 4 - (-7)/(-1) - o. Let u(h) = y*h + 1 - 3*h - 3*h. Calculate u(5).
-19
Let c(g) = -g + g**3 + 7*g + 0*g**3 + 7*g**2 - 4 + 0*g**3. What is c(-5)?
16
Let l(a) = 113*a**2 - 216*a**2 - 2*a - 1 + 104*a**2. Calculate l(3).
2
Let z(w) = 15*w**2 - 25*w - 20. Let q be (-9)/(-63) + 180/14. Let p(v) = 7*v**2 - 12*v - 10. Let l(b) = q*p(b) - 6*z(b). Give l(7).
-3
Let o(l) be the third derivative of 0*l + 1/6*l**4 + 15*l**2 + 0 + 1/2*l**3 + 1/20*l**5 - 1/120*l**6. What is o(-2)?
15
Let v(a) = -a - 1. Let b(p) = -1. Let u(x) = -2*b(x) + v(x). Calculate u(4).
-3
Let f(l) = 2*l**3 - 3*l - 6. Let n(r) = 3*r**3 - 5*r - 9. Let w(m) = -8*f(m) + 5*n(m). Give w(-3).
33
Let v(p) = 2*p**2 - 17*p - 5. Let t be v(9). Suppose t - 2 = -j. Let d(z) = -2*z**3 - 2*z**2 + 2*z + 1. Determine d(j).
5
Let a(f) = -f**2 - 14*f - 14. Let o be (-2)/(-28)*7*-22. Determine a(o).
19
Let m(i) = -i**2 - 3*i - 1. Let q be (4/3)/(((-36)/(-27))/(-4)). Give m(q).
-5
Let y(b) = -b**2 - 8*b + 8*b**2 - 8*b**2 + 17 + 0*b**2 - 14. Suppose 4*z - 5*z = 8. What is y(z)?
3
Suppose h + 6 = -h - 2*c, -17 = 3*h + 5*c. Suppose -4*r + 23 = 2*z - 19, 3*r + h = 5*z. Let t = 7 - r. Let k(i) = -4*i**2 - 2*i - 1. Calculate k(t).
-3
Let v be (-27)/45 + 0 + 3/5. Let o(n) be the second derivative of v*n**2 + 0*n**3 + 1/6*n**4 + 0 + 4*n. What is o(1)?
2
Let w(s) be the first derivative of -s**3/3 - 11*s**2/2 - 15*s + 60. What is w(-11)?
-15
Let k(b) = -3*b**3 - 24*b**2 - 21*b - 15. Let j(c) = 2*c**3 + 12*c**2 + 10*c + 9. Let r(i) = -5*j(i) - 3*k(i). Give r(13).
0
Suppose -6*c = -c, -5*a + 4*c + 20 = 0. Let j(z) = 15 + 3*z**2 + 5*z - a*z**2 - 18. Give j(2).
3
Suppose 9 = -k + 8. Let n(i) = i**2 - i - 1. Let r(z) be the first derivative of -3*z**3 + 2*z**2 + 5*z - 9. Let v(s) = k*r(s) - 6*n(s). Determine v(-1).
2
Let u(t) = -345*t + 17 - 346*t + 690*t. What is u(11)?
6
Let z be (-5)/3*(-6 - -3). Let a(v) = 13*v**2 - z + 0 + 6. Determine a(1).
14
Let j = -33 - -29. Let s(n) = n**2 - 1. Let h(b) = -5*b**2 - 4*b + 2. Let v be (1/2)/((-3)/(-6)). Let m(g) = v*h(g) + 4*s(g). Give m(j).
-2
Let u(p) be the third derivative of p**5/60 - p**4/12 - 7*p**3/6 + 7*p**2. Let y(d) be the first derivative of u(d). Let n be (1 + 1 + 0)*-1. Calculate y(n).
-6
Let w(x) = 0*x + x - 1 + 6*x + x**2 + 6. Suppose -2*y + 3 + 5 = 0. Suppose -4*s + 3*v = 31, -6*v + 30 = -5*s - y*v. What is w(s)?
-7
Let j = -4 - -7. Let o(t) = 3*t - 5*t + j*t - 2. Let u = -35989 - -35994. Calculate o(u).
3
Let y(g) be the second derivative of -g**3/3 - 17*g**2 - g + 4. Give y(-16).
-2
Let q(c) be the first derivative of -2*c**3/3 + 19*c**2/2 + 3*c + 181. Give q(9).
12
Let j(f) = -f + 3. Let w be 3/15 - (-22)/(-10). Let z(b) = -18*b**2 - 2*b - 2. Let m be z(w). Let n be (-4)/(-14) - 400/m. Calculate j(n).
-3
Suppose 0 = -2*k - 4*k + 1980. Let g be ((-96)/(-20))/(3/k). Let f(z) = -z**2 - 3*z - 531 + 0*z + g. What is f(-5)?
-13
Let l be ((-62)/(-124))/((-1)/6). Let v(g) be the first derivative of -g**4/4 - 5*g**3/3 - 5*g**2/2 - 2*g - 1. Calculate v(l).
-5
Let k be 1 + 2 + 72/(-2). Let x = 67 + k. Let y(i) = -i + 33 - x - 6*i**2 + 2*i. Give y(1).
-6
Suppose 0*n - 20 = -5*l - 3*n, 4*n = 4*l + 16. Suppose 3 = -v + 5. Let c(k) = v + 15*k**2 - 17*k**2 - 1. What is c(l)?
-1
Suppose 5*z + 19 = u - 26, 4*z - 3*u + 36 = 0. Let a(x) = -2*x + 6. What is a(z)?
24
Let h(i) = 28*i**2 - 25*i - 9. Let g(y) = 13*y**2 - 12*y - 4. Let n(u) = -13*g(u) + 6*h(u). Give n(3).
7
Let d = -5 + 10. Suppose -b - 24 + 11 = 5*g, -5*b + d*g = -25. Let y(n) = 0 + 6 - 3*n - 36*n**2 + 35*n**b. Give y(-5).
-4
Suppose 0 = -3*d - 1 - 2. Let n(r) = -r**2. Let l(b) = -3*b**2 + 2*b - 4. Let j(v) = d*l(v) + 4*n(v). Calculate j(-3).
1
Let h(k) = 9*k**2 - 2*k - 8*k**2 - 4*k - 3. Let x be h(7). Let j(g) = -g + 27. Let l(w) = 2*w - 57. Let m(o) = -13*j(o) - 6*l(o). Determine m(x).
-5
Suppose -2*n - 2*r - 22 = 0, -5*r - 20 + 125 = -5*n. Let h(s) = -s**3 - 17*s**2 - 14*s + 22. Calculate h(n).
-10
Suppose 2*o - 4*o - 2 = -2*g, 0 = 2*o + 2. Suppose g = 4*n - 44 + 4. Let k(m) = -3*m - n + 2 + 4. What is k(5)?
-19
Let j(u) be the third derivative of -u**6/120 - u**5/20 + u**4/12 - u**3/6 - 979*u**2. Suppose -3*o = o + 16. What is j(o)?
7
Suppose 12*f = 71*f + 590. Let i(z) = -z**2 - 8*z + 11. Determine i(f).
-9
Let y(d) = 2*d + 2*d - 10 - 2*d. Let a = -4129 - -4138. Determine y(a).
8
Let o(w) be the third derivative of 0 + 7/6*w**3 + 1/120*w**6 + 1/6*w**4 - 1/10*w**5 + 0*w + 13*w**2. Determine o(5).
2
Let z(k) = -k**2 + k - 1. Let f(v) = 11*v**2 - 7*v + 1. Let h(l) = -f(l) - 5*z(l). Let c(q) = q**2 - q - 1. Let d(w) = 5*c(w) + h(w). What is d(-3)?
-1
Let x(a) = -a**2 - 4*a - 10. Let d(l) = -2*l**2 - 4*l - 10. Let j(z) = 2*d(z) - 3*x(z). Determine j(7).
-11
Let c(v) = 2*v + 38. Let y be c(-18). Let n(x) = x**y + 1 - 4*x - 11 + 5 + 8. Determine n(4).
3
Let l(h) be the first derivative of h**3/3 - 3*h**2 + 3*h + 2